 10*i - 16. Let w be z(6). Let p = w + -77. Suppose -r = p*m - 11849, 2*r + 3 - 7 = 0. Is m prime?
False
Let s(a) = -12*a**3 + 56*a**2 + 142*a - 99. Let r(c) = -19*c**3 + 84*c**2 + 214*c - 148. Let o(d) = -5*r(d) + 8*s(d). Is o(23) a composite number?
False
Let i be (-2)/(3 - (-7)/(-2)). Let a(k) = -253*k - 116*k + i - 93*k - 397*k. Is a(-1) a prime number?
True
Let a be -1 + -534*(-4 + -216). Is a/13 - 2/(-13) a prime number?
False
Suppose 0 = 16*g - 5*g + 616. Is 1917/1 + g/(-14) prime?
False
Suppose -3*k + 6*u = u - 168, 0 = -2*k + 5*u + 112. Let o(w) = -k*w - 569*w**3 + 57*w - 999*w**3. Is o(-1) a composite number?
False
Let s = 16287 - 7685. Suppose -2*q + 4*d = -0*q - s, -2*q + d = -8596. Is q prime?
True
Let r(j) = 0*j**3 - 11*j**2 + j**3 + 2354*j - 2316*j + 43*j**2 + 34. Is r(-30) a prime number?
False
Suppose -m - 289357 = -25*m + 176027. Is m a prime number?
True
Let a(y) = -15. Let p(b) = b. Let f(z) = a(z) + 2*p(z). Let k be f(9). Is 3758*3/(-24)*(k - 11) composite?
True
Let h be 24/2*100/75. Is ((-8394)/9)/(h/(-24)) a prime number?
True
Let s = -4 - 0. Let v be (3 + -2 - -405) + s. Suppose -k = 5*i - 501 - 559, 2*i - v = 4*k. Is i prime?
True
Is (-43 - -459843) + -6*(-15)/(-10) composite?
False
Let m(t) = 3 + 871*t**2 + 9 + 18*t - 560*t**2. Is m(-5) a prime number?
False
Suppose 8*p - 201 = 175. Let h = -43 + p. Suppose -5*n - 2930 = -5*k, -3*k + h*n = -n - 1764. Is k prime?
False
Let c(v) = v**3 - 12*v**2 + 11*v - 2. Let q be c(11). Let f = -5 - -7. Is q*(f + (-1197)/6) a prime number?
False
Let d(a) = 3*a - 15. Let c be d(10). Suppose -14*r = -c*r - 6. Is ((-2)/r)/(17/35139) composite?
True
Let a = 8 + -6. Suppose a*w - 4*l = -13548, -5*w - 33835 = -0*w - 3*l. Is w/(-10) - (-36)/60 prime?
True
Let a(r) = -r**3 + 16*r**2 - 12*r - 42. Let i be a(15). Let l(o) = 551*o - 4. Is l(i) prime?
False
Let w be (-6)/(-45)*360/48. Is w + (5 - 1)/(-4) + 18771 prime?
False
Suppose 3*w + 7*f + 32 = 3*f, -5*w = -2*f + 36. Is 2/(-4) + (-10236)/w*1 a prime number?
True
Suppose 2*i + 23194 = 2*x, -15*i + 3*x - 11601 = -14*i. Let c = 22412 + i. Is c composite?
True
Let u = -26 + -2750. Let a = u + 7827. Is a a composite number?
False
Let l = -138230 + 338473. Is l prime?
False
Let k(r) = -11058*r + 701. Is k(-14) a prime number?
False
Suppose 6*w - 443 = 216 - 167. Is w a composite number?
True
Let z = 380469 + -78928. Is z composite?
True
Let f(m) = -16*m**2 - 44 + 21*m**2 + 9*m**2 - m. Is f(9) a prime number?
False
Suppose -447 = -2*s - 27. Suppose s*f = 216*f - 35934. Is f a prime number?
False
Suppose 4*x + 5*a = 4611159, -27*a + 3458322 = 3*x - 30*a. Is x prime?
False
Let n(k) = -k**2 + 31*k - 79. Let d be n(28). Is 4*(1046 + 0) + d composite?
True
Let b = -947 - -984. Suppose b*m = 21*m + 37216. Is m a composite number?
True
Is 1456/(-8008) + 1 + (-415760)/(-22) a composite number?
False
Let o be (583 - (-10)/(-5)) + -5. Is 3 + o/(8/4) a composite number?
True
Let o(p) be the first derivative of -p**4/4 + p**3/3 - 5*p**2/2 + 557*p + 9. Let u be (-2)/6*(0/(-2))/(-10). Is o(u) a composite number?
False
Let g = 67824 + -5777. Is g a prime number?
True
Suppose 0*w = -9*w. Suppose w = -2*a + 48 - 32. Is ((-82026)/(-24))/9 - 6/a prime?
True
Suppose -4*t - 3*c = -769982, -4*t + 9*t - 2*c = 962489. Is t prime?
True
Let m = 173142 - 52103. Is m a composite number?
False
Let p(s) = 2*s**3 - 2*s**2 + s - 1. Let y(m) = -7*m**3 + 7*m**2 + 7*m - 4. Let g(d) = -3*p(d) - y(d). Is g(4) composite?
True
Suppose 0 = -3*c + 5*i - 10, 0*c + 2*i - 15 = -c. Suppose 0 = -u + c*x + 9918, -9921 = -u - 0*x + 2*x. Is u composite?
False
Let t(h) = 4*h - 5691. Let u be t(0). Let r = -1324 - u. Is r composite?
True
Let p = 888249 + -499920. Is p a composite number?
True
Suppose -u = -4*o + 14, o + 10 = -5*u + 6*o. Let n be 359 - (-14 - u)/(-4). Let v = n - -183. Is v a prime number?
False
Let x be (-4)/(-10)*(261 + -1). Let f = 195 - 48. Suppose a + x = 2*h - f, -a + 257 = 2*h. Is h composite?
False
Let i(o) = -2*o**3 + 12*o**2 + 21*o + 9. Let t = 165 - 175. Is i(t) composite?
False
Let g(p) = -36189*p**3 + p**2 - 7*p - 8. Let j be g(-2). Suppose -10*u + j = 28*u. Is u prime?
False
Let p(x) = 188*x**3 + 4*x**2 + 9*x - 7. Let v(a) = 376*a**3 + 9*a**2 + 19*a - 14. Let n(w) = 7*p(w) - 3*v(w). Let o = -15 - -17. Is n(o) a composite number?
True
Let v(i) = 6*i**3 + i**2 + 3*i + 1. Let x be v(-2). Is 2609/(-2)*(-55 - x) a composite number?
True
Suppose 23020 = 2*u - 2*a, -6*u + 3*a = -8*u + 23030. Is (1 - (3 + -9)) + u a composite number?
False
Let i(b) = -2244*b - 1601. Is i(-21) a composite number?
False
Let z = -7704 - -7709. Let c(o) = 382*o + 11. Let r(t) = -127*t - 4. Let y(u) = -2*c(u) - 7*r(u). Is y(z) prime?
True
Let i(u) = -6 + 425*u**2 + 2 + 15*u - 5*u + 8. Is i(-5) composite?
True
Suppose 3*l = 2*l - 848. Let x = l - -377. Let m = -248 - x. Is m a prime number?
True
Suppose -4*z + 20 = 0, -2*r - r + 43 = 5*z. Let p be ((-16)/r)/((-12)/(-36)). Is ((-3556)/p)/(-7)*-10 composite?
True
Suppose -14*j + 20300 = 2352. Let x = j - 441. Is x a prime number?
False
Let d be (52549/14)/((-1)/(0 - 2)). Let i = 13567 - d. Let r = -4021 + i. Is r composite?
False
Let r be ((-4)/(-12))/(7/2037). Is r/(-2 + 0 - (-47)/23) a prime number?
False
Suppose -134*o - 139*o = -214*o - 12148867. Is o a composite number?
False
Let j(q) = 3*q**2 - 13*q + 3. Let h be j(4). Let k be h/(-1)*3 - (4 - 6). Suppose 3622 = k*v - 4183. Is v a prime number?
False
Let q be 0 + -1 - (-30 - (-1 - 2)). Suppose -y + 135 + q = 0. Suppose -50 = -h + y. Is h a composite number?
False
Let y = -193 + 288. Suppose 0 = 11*z + y + 158. Let t(l) = l**3 + 23*l**2 - 22*l - 27. Is t(z) prime?
True
Let d(l) = 31819*l**2 - 85*l - 87. Is d(-1) a prime number?
True
Suppose 3655876 = 41*c - 377991. Is c a prime number?
True
Let n(r) = -6*r**2 + 9*r + 2. Suppose 0 = -5*z - z + 72. Let v be n(z). Let g = 205 - v. Is g a composite number?
True
Let f(n) = 18 - 2*n + 0 + 27*n**2 - 2*n. Let v be f(-7). Let h = v - 684. Is h composite?
True
Suppose 0 = -11*x + 6*x + 40. Let a be 1385/15 - (0 + x/(-12)). Suppose 262 = h - a. Is h a prime number?
False
Let k = 0 + 3. Suppose 0 = -k*z - 5 + 215. Let p = z - 17. Is p a composite number?
False
Suppose -5*j + 243209 = -4*u, 0 = -39*j + 43*j + 4*u - 194560. Is j prime?
False
Let c(u) = -u**3 + 6*u**2 + 16*u + 10. Let t be 3/(-2)*272/(-51). Let d be c(t). Is 5*(0 + d) - -5 a prime number?
False
Suppose 169 = 3*r + 160. Suppose 5*n + k - 507 = 3*n, -4*k - 733 = -r*n. Is n composite?
False
Let w(t) = -28*t + 17*t - 2*t**3 + 2*t**2 + 10*t + 4757. Is w(0) prime?
False
Let g be (-272)/(-32)*(-2)/(-3)*-3. Let p = g - -16. Is 214830/54 - p*2/3 a prime number?
False
Let w(b) = -68*b**2 + 2*b**3 + 2 + 133*b**2 - 76*b**2 - 4*b. Let z be w(9). Suppose 2*u - 353 - z = 0. Is u a composite number?
False
Let t(r) = 298*r**3 + 3*r**2 - 6*r + 7. Is t(2) a prime number?
False
Suppose -8 = 4*h, h = 31*p - 32*p + 62037. Is p composite?
False
Suppose -112246 - 32829 = -35*h. Is h a composite number?
True
Let o = 390029 + -229714. Is o composite?
True
Let f = 32 - 37. Let a be 2/10 + 4 + 61/f. Is (-1 - 622/a)/((-3)/(-60)) a composite number?
True
Let w(p) be the first derivative of -13 + 74/3*p**3 - 7*p + p**2. Is w(2) composite?
False
Let n be (-18)/(-99) - (-1 + 233/11). Let o(s) = s**3 + 23*s**2 - 38*s - 10. Let h be o(n). Let i = h + -1159. Is i composite?
True
Let z(s) = 2 - 107*s**2 - 2*s + 400*s**2 + 134*s**2. Is z(2) prime?
False
Let l(z) = 41615*z + 2. Is l(3) a prime number?
True
Suppose -13*n + 11*n - 267846 = -4*f, 4*f - 267856 = 4*n. Is f composite?
False
Let c = 18061 + -11108. Is c a composite number?
True
Let n(x) be the third derivative of 41*x**4/4 - x**3/2 + 2*x**2 - 13. Is n(2) a prime number?
False
Let j(a) be the second derivative of -a**6/30 - a**5/5 - a**4/24 + 10*a**3/3 - 19*a**2/2 - 18*a. Let f(u) be the first derivative of j(u). Is f(-9) composite?
False
Suppose 9*n = 126447 + 139818. Suppose 13*a = 27524 + n. Is a a composite number?
True
Suppose 44*i - 412146 = 5*s + 604240, 23093 = i + s. Is i prime?
True
Let z be -1 + 5 - (-2)/((-4)/890). Let w = 446 - z. Is w a composite number?
False
Suppose 595*f = 604*f - 151083. Is f a prime number?
True
Is 52726628/518 - 1/(-7) composite?
F